{"id":11647,"date":"2024-06-10T15:03:26","date_gmt":"2024-06-10T20:03:26","guid":{"rendered":"https:\/\/padovainfoto.it\/?page_id=11647"},"modified":"2024-08-03T10:42:35","modified_gmt":"2024-08-03T15:42:35","slug":"tomba-di-antenore","status":"publish","type":"page","link":"https:\/\/padovainfoto.it\/index.php\/tomba-di-antenore\/","title":{"rendered":"Tomba di Antenore"},"content":{"rendered":"\t\t<div data-elementor-type=\"wp-page\" data-elementor-id=\"11647\" class=\"elementor elementor-11647\">\n\t\t\t\t\t\t<section class=\"elementor-section elementor-top-section elementor-element elementor-element-39e698f elementor-section-boxed elementor-section-height-default elementor-section-height-default\" data-id=\"39e698f\" data-element_type=\"section\">\n\t\t\t\t\t\t<div class=\"elementor-container elementor-column-gap-default\">\n\t\t\t\t\t<div class=\"elementor-column elementor-col-50 elementor-top-column elementor-element elementor-element-9053b03\" data-id=\"9053b03\" data-element_type=\"column\">\n\t\t\t<div class=\"elementor-widget-wrap elementor-element-populated\">\n\t\t\t\t\t\t<div class=\"elementor-element elementor-element-2bee7f9 elementor-widget elementor-widget-image\" data-id=\"2bee7f9\" data-element_type=\"widget\" data-widget_type=\"image.default\">\n\t\t\t\t<div class=\"elementor-widget-container\">\n\t\t\t\t\t\t\t\t\t\t\t\t\t<img fetchpriority=\"high\" decoding=\"async\" width=\"715\" height=\"894\" src=\"https:\/\/padovainfoto.it\/wp-content\/uploads\/Monica-viaggiare_tra_arte_e_natura_-Tomba-Antenore-2-1-819x1024.jpg\" class=\"attachment-large size-large wp-image-11654\" alt=\"\" srcset=\"https:\/\/padovainfoto.it\/wp-content\/uploads\/Monica-viaggiare_tra_arte_e_natura_-Tomba-Antenore-2-1-819x1024.jpg 819w, https:\/\/padovainfoto.it\/wp-content\/uploads\/Monica-viaggiare_tra_arte_e_natura_-Tomba-Antenore-2-1-240x300.jpg 240w, https:\/\/padovainfoto.it\/wp-content\/uploads\/Monica-viaggiare_tra_arte_e_natura_-Tomba-Antenore-2-1-768x960.jpg 768w, https:\/\/padovainfoto.it\/wp-content\/uploads\/Monica-viaggiare_tra_arte_e_natura_-Tomba-Antenore-2-1-1229x1536.jpg 1229w, https:\/\/padovainfoto.it\/wp-content\/uploads\/Monica-viaggiare_tra_arte_e_natura_-Tomba-Antenore-2-1.jpg 1440w\" sizes=\"(max-width: 715px) 100vw, 715px\" \/>\t\t\t\t\t\t\t\t\t\t\t\t\t<\/div>\n\t\t\t\t<\/div>\n\t\t\t\t\t<\/div>\n\t\t<\/div>\n\t\t\t\t<div class=\"elementor-column elementor-col-50 elementor-top-column elementor-element elementor-element-cbe8bec\" data-id=\"cbe8bec\" data-element_type=\"column\">\n\t\t\t<div class=\"elementor-widget-wrap elementor-element-populated\">\n\t\t\t\t\t\t<div class=\"elementor-element elementor-element-2f6a58e elementor-widget elementor-widget-text-editor\" data-id=\"2f6a58e\" data-element_type=\"widget\" data-widget_type=\"text-editor.default\">\n\t\t\t\t<div class=\"elementor-widget-container\">\n\t\t\t\t\t\t\t<p><strong>Antenore \u00e8 la leggendaria figura del fondatore della citt\u00e0, dove arriv\u00f2 nel 1185 A.C., risalendo il corso del fiume Brenta. Secondo le narrazioni di Virgilio nell&#8217;Eneide e del padovano Tito Livio, egli fugg\u00ec come Enea da Troia in fiamme portando la famiglia lungo le coste dalmate fino alla foce del Brenta, che risal\u00ec fino agli insediamenti degli Euganei. Qui consult\u00f2 un oracolo che gli pronostic\u00f2 la fondazione di una grande e ricca citt\u00e0. Per trovare il luogo esatto dove insediarsi avrebbe dovuto scoccare una freccia verso degli uccelli in volo: la citt\u00e0 di Padova sarebbe nata nel luogo dove fosse caduto l&#8217;uccello morente.<\/strong><\/p><p><strong>La leggenda vuole che alla fine del \u2018200 una scrofa, che grufolava vicino al ponte di Santo Stefano, riport\u00f2 alla luce una gamba umana, coperta da peli, che usciva da un sarcofago, all\u2019interno del quale, assieme ad altre parti del corpo, fu trovata una spada con la scritta \u201cHic iacet Antenor Patavine conditor urbis\u201d e due vasi di monete d&#8217;oro.<\/strong><\/p><p><strong>E\u2019 la citt\u00e0 medievale del tempo che si inventa un mito fondativo, riprendendo l\u2019intuizione di Tito Livio che vuole Patavium, \u201ccitt\u00e0 sorella\u201d di Roma accomunata dalla stessa origine troiana. Ad attribuire che i resti erano del principe troiano Antenore, all\u2019epoca fu chiamato il giudice Lovato Lovati, famoso poeta e studioso preumanista.<\/strong><\/p><p><strong>Sul lato nord dell\u2019edicola, sopra la tomba si vedono ancora oggi due iscrizioni che ricordano l\u2019evento, la prima in due distici elegiaci e probabilmente scritta da Lovati stesso:<\/strong><\/p>\t\t\t\t\t\t<\/div>\n\t\t\t\t<\/div>\n\t\t\t\t\t<\/div>\n\t\t<\/div>\n\t\t\t\t\t<\/div>\n\t\t<\/section>\n\t\t\t\t<section class=\"elementor-section elementor-top-section elementor-element elementor-element-6ff0da8 elementor-section-boxed elementor-section-height-default elementor-section-height-default\" data-id=\"6ff0da8\" data-element_type=\"section\">\n\t\t\t\t\t\t<div class=\"elementor-container elementor-column-gap-default\">\n\t\t\t\t\t<div class=\"elementor-column elementor-col-100 elementor-top-column elementor-element elementor-element-d8863c3\" data-id=\"d8863c3\" data-element_type=\"column\">\n\t\t\t<div class=\"elementor-widget-wrap elementor-element-populated\">\n\t\t\t\t\t\t<div class=\"elementor-element elementor-element-3f57f38 elementor-widget elementor-widget-text-editor\" data-id=\"3f57f38\" data-element_type=\"widget\" data-widget_type=\"text-editor.default\">\n\t\t\t\t<div class=\"elementor-widget-container\">\n\t\t\t\t\t\t\t<p><strong>Cum quater alma Dei natalia viderat horrens<\/strong><\/p><p><strong>Post decies octo mille ducenta Caper<\/strong><\/p><p><strong>Extulit hec Padue preses cui nomen Olive<\/strong><\/p><p><strong>Cognomen Circi patria Floris erat.<\/strong><\/p><p><strong>Protestate nobili viro domino<\/strong><\/p><p><strong>Fantone de Rubeis de Fiorentia<\/strong><\/p><p><strong>Perfectum fuit hoc opus.<\/strong><\/p>\t\t\t\t\t\t<\/div>\n\t\t\t\t<\/div>\n\t\t\t\t\t<\/div>\n\t\t<\/div>\n\t\t\t\t\t<\/div>\n\t\t<\/section>\n\t\t\t\t<section class=\"elementor-section elementor-top-section elementor-element elementor-element-e324f86 elementor-section-boxed elementor-section-height-default elementor-section-height-default\" data-id=\"e324f86\" data-element_type=\"section\">\n\t\t\t\t\t\t<div class=\"elementor-container elementor-column-gap-default\">\n\t\t\t\t\t<div class=\"elementor-column elementor-col-100 elementor-top-column elementor-element elementor-element-b1417c1\" data-id=\"b1417c1\" data-element_type=\"column\">\n\t\t\t<div class=\"elementor-widget-wrap elementor-element-populated\">\n\t\t\t\t\t\t<div class=\"elementor-element elementor-element-a9dcb0d elementor-widget elementor-widget-text-editor\" data-id=\"a9dcb0d\" data-element_type=\"widget\" data-widget_type=\"text-editor.default\">\n\t\t\t\t<div class=\"elementor-widget-container\">\n\t\t\t\t\t\t\t<p><strong>Sul lato ovest invece si legge bene la poesia di Lovato, scolpita nella pietra in maiuscola gotica:<\/strong><\/p>\t\t\t\t\t\t<\/div>\n\t\t\t\t<\/div>\n\t\t\t\t\t<\/div>\n\t\t<\/div>\n\t\t\t\t\t<\/div>\n\t\t<\/section>\n\t\t\t\t<section class=\"elementor-section elementor-top-section elementor-element elementor-element-37890dd elementor-section-boxed elementor-section-height-default elementor-section-height-default\" data-id=\"37890dd\" data-element_type=\"section\">\n\t\t\t\t\t\t<div class=\"elementor-container elementor-column-gap-default\">\n\t\t\t\t\t<div class=\"elementor-column elementor-col-100 elementor-top-column elementor-element elementor-element-df0d248\" data-id=\"df0d248\" data-element_type=\"column\">\n\t\t\t<div class=\"elementor-widget-wrap elementor-element-populated\">\n\t\t\t\t\t\t<div class=\"elementor-element elementor-element-566292a elementor-widget elementor-widget-text-editor\" data-id=\"566292a\" data-element_type=\"widget\" data-widget_type=\"text-editor.default\">\n\t\t\t\t<div class=\"elementor-widget-container\">\n\t\t\t\t\t\t\t<p><strong>Inclitus Ant(h)enor patriam vox nisa quietem<\/strong><\/p><p><strong>Transtulit huc Enetum Dardanidumq(ue) fugas,<\/strong><\/p><p><strong>Expulit Euganeos, Patavina(m) (con)didit urbem,<\/strong><\/p><p><strong>Quem tenet hic umili ma(r)more cesa domus.<\/strong><\/p><p><strong>\u00a0<\/strong><\/p><p><strong>\u201cIl glorioso Antenore, voce tesa alla pace della patria,<\/strong><\/p><p><strong>Scort\u00f2 qui la fuga degli Eneti e dei Troiani,<\/strong><\/p><p><strong>Scacci\u00f2 gli Euganei, fond\u00f2 la citt\u00e0 di Padova.<\/strong><\/p><p><strong>Lo custodisce qui una dimora, ricavata da umile marmo\u201d.<\/strong><\/p>\t\t\t\t\t\t<\/div>\n\t\t\t\t<\/div>\n\t\t\t\t\t<\/div>\n\t\t<\/div>\n\t\t\t\t\t<\/div>\n\t\t<\/section>\n\t\t\t\t<section class=\"elementor-section elementor-top-section elementor-element elementor-element-cdb7308 elementor-section-boxed elementor-section-height-default elementor-section-height-default\" data-id=\"cdb7308\" data-element_type=\"section\">\n\t\t\t\t\t\t<div class=\"elementor-container elementor-column-gap-default\">\n\t\t\t\t\t<div class=\"elementor-column elementor-col-100 elementor-top-column elementor-element elementor-element-b9a5e64\" data-id=\"b9a5e64\" data-element_type=\"column\">\n\t\t\t<div class=\"elementor-widget-wrap elementor-element-populated\">\n\t\t\t\t\t\t<div class=\"elementor-element elementor-element-fdf70d8 elementor-widget elementor-widget-text-editor\" data-id=\"fdf70d8\" data-element_type=\"widget\" data-widget_type=\"text-editor.default\">\n\t\t\t\t<div class=\"elementor-widget-container\">\n\t\t\t\t\t\t\t<p><strong>La costruzione della tomba, che oggi fa bella mostra di s\u00e9 nell\u2019omonima piazza di fronte alla Prefettura, fu iniziata a fine Dicembre 1283. Secondo un\u2019antica tradizione, dovrebbe contenere le spoglie del mitico fondatore di\u00a0Padova, ma la \u00a0leggenda fu smentita nel 1985 quando, in occasione del restauro e con la riapertura dell&#8217;arca, fu trovato uno scheletro mummificato appartenente ad un guerriero vissuto tra il III e il IV sec. d.C..\u00a0\u00a0La Tomba fu spostata nel corso del tempo, in seguito alle trasformazioni della zona, come l&#8217;interramento della riviera e del Ponte di San Lorenzo, e ritrov\u00f2 la sua originaria collocazione nel 1937, quando la demolizione della Chiesa di San Lorenzo port\u00f2 alla creazione dell&#8217;attuale Piazza Antenore. Per protegge l&#8217;arca originaria fu costruito un mausoleo di foggia medievale con la copertura a trullo, che fu realizzato probabilmente da Leonardo Bocaleca.<\/strong><strong>\u00a0<\/strong><\/p>\t\t\t\t\t\t<\/div>\n\t\t\t\t<\/div>\n\t\t\t\t\t<\/div>\n\t\t<\/div>\n\t\t\t\t\t<\/div>\n\t\t<\/section>\n\t\t\t\t<section class=\"elementor-section elementor-top-section elementor-element elementor-element-94be95c elementor-section-boxed elementor-section-height-default elementor-section-height-default\" data-id=\"94be95c\" data-element_type=\"section\">\n\t\t\t\t\t\t<div class=\"elementor-container elementor-column-gap-default\">\n\t\t\t\t\t<div class=\"elementor-column elementor-col-50 elementor-top-column elementor-element elementor-element-7d31718\" data-id=\"7d31718\" data-element_type=\"column\">\n\t\t\t<div class=\"elementor-widget-wrap elementor-element-populated\">\n\t\t\t\t\t\t<div class=\"elementor-element elementor-element-a8d76a4 elementor-widget elementor-widget-image\" data-id=\"a8d76a4\" data-element_type=\"widget\" data-widget_type=\"image.default\">\n\t\t\t\t<div class=\"elementor-widget-container\">\n\t\t\t\t\t\t\t\t\t\t\t\t\t<img decoding=\"async\" width=\"715\" height=\"894\" src=\"https:\/\/padovainfoto.it\/wp-content\/uploads\/Monica-viaggiare_tra_arte_e_natura_-Tomba-Antenore-1-819x1024.jpg\" class=\"attachment-large size-large wp-image-11661\" alt=\"\" srcset=\"https:\/\/padovainfoto.it\/wp-content\/uploads\/Monica-viaggiare_tra_arte_e_natura_-Tomba-Antenore-1-819x1024.jpg 819w, https:\/\/padovainfoto.it\/wp-content\/uploads\/Monica-viaggiare_tra_arte_e_natura_-Tomba-Antenore-1-240x300.jpg 240w, https:\/\/padovainfoto.it\/wp-content\/uploads\/Monica-viaggiare_tra_arte_e_natura_-Tomba-Antenore-1-768x960.jpg 768w, https:\/\/padovainfoto.it\/wp-content\/uploads\/Monica-viaggiare_tra_arte_e_natura_-Tomba-Antenore-1-1229x1536.jpg 1229w, https:\/\/padovainfoto.it\/wp-content\/uploads\/Monica-viaggiare_tra_arte_e_natura_-Tomba-Antenore-1.jpg 1440w\" sizes=\"(max-width: 715px) 100vw, 715px\" \/>\t\t\t\t\t\t\t\t\t\t\t\t\t<\/div>\n\t\t\t\t<\/div>\n\t\t\t\t\t<\/div>\n\t\t<\/div>\n\t\t\t\t<div class=\"elementor-column elementor-col-50 elementor-top-column elementor-element elementor-element-3e5df9a\" data-id=\"3e5df9a\" data-element_type=\"column\">\n\t\t\t<div class=\"elementor-widget-wrap elementor-element-populated\">\n\t\t\t\t\t\t<div class=\"elementor-element elementor-element-b41d175 elementor-widget elementor-widget-text-editor\" data-id=\"b41d175\" data-element_type=\"widget\" data-widget_type=\"text-editor.default\">\n\t\t\t\t<div class=\"elementor-widget-container\">\n\t\t\t\t\t\t\t<p><strong>Vicino al sarcofago del mitico fondatore della citt\u00e0 troviamo un\u2019arca minore che contiene le spoglie del poeta Lovato Lovati, morto nel 1309. Anche quest\u2019ultima tomba sub\u00ec alcune modifiche, all\u2019inizio fu sepolto all\u2019interno della Chiesa di San Lorenzo che fu sconsacrata nel 1808 e demolita nel 1937\u00a0assieme ai fabbricati circostanti, e nel 1942 fu ricollocata nell\u2019attuale Piazza del Santo. Durante gli spostamenti del sepolcro le spoglie del letterato sono andati persi.<\/strong><\/p><p><strong>Sul lato est-ovest della tomba \u00e8 stato inciso:<\/strong><\/p><p><strong>T(umulus) Lovati Paduani militis iudicis et poete \/<\/strong><\/p><p><strong>Obiit anno nat(ivitatis) Chr(ist)i M CCC Nono Septimo die intrante Marcio<\/strong><\/p><p><strong>Tumulo di Lovato padovano milite, giudice e poeta \/<\/strong><\/p><p><strong>Mor\u00ec nell\u2019anno 1309 dalla nascita di Cristo, il settimo giorno entrante marzo.<\/strong><\/p>\t\t\t\t\t\t<\/div>\n\t\t\t\t<\/div>\n\t\t\t\t\t<\/div>\n\t\t<\/div>\n\t\t\t\t\t<\/div>\n\t\t<\/section>\n\t\t\t\t<section class=\"elementor-section elementor-top-section elementor-element elementor-element-424ba1b elementor-section-boxed elementor-section-height-default elementor-section-height-default\" data-id=\"424ba1b\" data-element_type=\"section\">\n\t\t\t\t\t\t<div class=\"elementor-container elementor-column-gap-default\">\n\t\t\t\t\t<div class=\"elementor-column elementor-col-100 elementor-top-column elementor-element elementor-element-b6b9736\" data-id=\"b6b9736\" data-element_type=\"column\">\n\t\t\t<div class=\"elementor-widget-wrap elementor-element-populated\">\n\t\t\t\t\t\t<div class=\"elementor-element elementor-element-e5d89dd elementor-widget elementor-widget-text-editor\" data-id=\"e5d89dd\" data-element_type=\"widget\" data-widget_type=\"text-editor.default\">\n\t\t\t\t<div class=\"elementor-widget-container\">\n\t\t\t\t\t\t\t<p><strong>Molto pi\u00f9 interessante invece \u00e8 l\u2019iscrizione al lato nord, una poesia composta da Lovato stesso prima della sua morte. Non \u00e8 facile da leggere, perch\u00e9 le lettere sono corrotte dal tempo:<\/strong><\/p>\t\t\t\t\t\t<\/div>\n\t\t\t\t<\/div>\n\t\t\t\t\t<\/div>\n\t\t<\/div>\n\t\t\t\t\t<\/div>\n\t\t<\/section>\n\t\t\t\t<section class=\"elementor-section elementor-top-section elementor-element elementor-element-b4ee27d elementor-section-boxed elementor-section-height-default elementor-section-height-default\" data-id=\"b4ee27d\" data-element_type=\"section\">\n\t\t\t\t\t\t<div class=\"elementor-container elementor-column-gap-default\">\n\t\t\t\t\t<div class=\"elementor-column elementor-col-100 elementor-top-column elementor-element elementor-element-a7a887e\" data-id=\"a7a887e\" data-element_type=\"column\">\n\t\t\t<div class=\"elementor-widget-wrap elementor-element-populated\">\n\t\t\t\t\t\t<div class=\"elementor-element elementor-element-8560e42 elementor-widget elementor-widget-text-editor\" data-id=\"8560e42\" data-element_type=\"widget\" data-widget_type=\"text-editor.default\">\n\t\t\t\t<div class=\"elementor-widget-container\">\n\t\t\t\t\t\t\t<p><strong>Id quod es, ante fui, quid sim post funera, queris;<\/strong><\/p><p><strong>quod sum, quicquid id est, tu quoq(ue) lector eris:<\/strong><\/p><p><strong>Ignea pars celo, cese pars ossea rupi,<\/strong><\/p><p><strong>lectori cessit nomen inane Lupi. D(is) M(anibus).<\/strong><\/p><p><strong>Mors mortis morti mortem si morte dedisset,<\/strong><\/p><p><strong>hic foret in terris aut intege[r] astra petisset.<\/strong><\/p><p><strong>Sed quia dissolvi fuerat sic iuncta necesse,<\/strong><\/p><p><strong>ossa tenet saxum, proprio mens gaudet in esse. V(ivens) F(ecit).<\/strong><\/p><p><strong>\u00a0<\/strong><\/p><p><strong>Ci\u00f2 che tu sei, prima io fui, che cosa io sia dopo la morte, cerchi di sapere;<\/strong><\/p><p><strong>ci\u00f2 che io sono, qualunque cosa sia, tu pure lettore sarai.<\/strong><\/p><p><strong>La parte ardente pass\u00f2 al cielo, la parte ossea alla pietra scolpita,<\/strong><\/p><p><strong>al lettore solo il nome insignificante di Lupo. Agli d\u00e8i Mani.<\/strong><\/p><p><strong>Se la morte della morte avesse dato morte alla morte tramite la morte,<\/strong><\/p><p><strong>Costui sarebbe sulla terra, o meglio, avrebbe ambito integro alle stelle.<\/strong><\/p><p><strong>Ma poich\u00e9 le parti collegate dovevano cos\u00ec necessariamente dissolversi,<\/strong><\/p><p><strong>la pietra tiene le ossa e la mente si rallegra di essere nel proprio. Fatto da vivo.<\/strong><\/p>\t\t\t\t\t\t<\/div>\n\t\t\t\t<\/div>\n\t\t\t\t\t<\/div>\n\t\t<\/div>\n\t\t\t\t\t<\/div>\n\t\t<\/section>\n\t\t\t\t<section class=\"elementor-section elementor-top-section elementor-element elementor-element-9112352 elementor-section-boxed elementor-section-height-default elementor-section-height-default\" data-id=\"9112352\" data-element_type=\"section\">\n\t\t\t\t\t\t<div class=\"elementor-container elementor-column-gap-default\">\n\t\t\t\t\t<div class=\"elementor-column elementor-col-100 elementor-top-column elementor-element elementor-element-1e35114\" data-id=\"1e35114\" data-element_type=\"column\">\n\t\t\t<div class=\"elementor-widget-wrap elementor-element-populated\">\n\t\t\t\t\t\t<div class=\"elementor-element elementor-element-e9e62ac elementor-align-center elementor-widget elementor-widget-button\" data-id=\"e9e62ac\" data-element_type=\"widget\" data-widget_type=\"button.default\">\n\t\t\t\t<div class=\"elementor-widget-container\">\n\t\t\t\t\t<div class=\"elementor-button-wrapper\">\n\t\t\t<a class=\"elementor-button elementor-button-link elementor-size-sm\" href=\"https:\/\/padovainfoto.it\/index.php\/tomba-di-antenore-2\/\">\n\t\t\t\t\t\t<span class=\"elementor-button-content-wrapper\">\n\t\t\t\t\t\t\t\t\t<span class=\"elementor-button-text\">Galleria Fotografica<\/span>\n\t\t\t\t\t<\/span>\n\t\t\t\t\t<\/a>\n\t\t<\/div>\n\t\t\t\t<\/div>\n\t\t\t\t<\/div>\n\t\t\t\t\t<\/div>\n\t\t<\/div>\n\t\t\t\t\t<\/div>\n\t\t<\/section>\n\t\t\t\t<\/div>\n\t\t","protected":false},"excerpt":{"rendered":"<p>Antenore \u00e8 la leggendaria figura del fondatore della citt\u00e0, dove arriv\u00f2 nel 1185 A.C., risalendo il corso del fiume Brenta. Secondo le narrazioni di<\/p>\n","protected":false},"author":23,"featured_media":0,"parent":0,"menu_order":0,"comment_status":"closed","ping_status":"closed","template":"","meta":{"_exactmetrics_skip_tracking":false,"_exactmetrics_sitenote_active":false,"_exactmetrics_sitenote_note":"","_exactmetrics_sitenote_category":0,"footnotes":""},"_links":{"self":[{"href":"https:\/\/padovainfoto.it\/index.php\/wp-json\/wp\/v2\/pages\/11647"}],"collection":[{"href":"https:\/\/padovainfoto.it\/index.php\/wp-json\/wp\/v2\/pages"}],"about":[{"href":"https:\/\/padovainfoto.it\/index.php\/wp-json\/wp\/v2\/types\/page"}],"author":[{"embeddable":true,"href":"https:\/\/padovainfoto.it\/index.php\/wp-json\/wp\/v2\/users\/23"}],"replies":[{"embeddable":true,"href":"https:\/\/padovainfoto.it\/index.php\/wp-json\/wp\/v2\/comments?post=11647"}],"version-history":[{"count":46,"href":"https:\/\/padovainfoto.it\/index.php\/wp-json\/wp\/v2\/pages\/11647\/revisions"}],"predecessor-version":[{"id":12210,"href":"https:\/\/padovainfoto.it\/index.php\/wp-json\/wp\/v2\/pages\/11647\/revisions\/12210"}],"wp:attachment":[{"href":"https:\/\/padovainfoto.it\/index.php\/wp-json\/wp\/v2\/media?parent=11647"}],"curies":[{"name":"wp","href":"https:\/\/api.w.org\/{rel}","templated":true}]}}